l - 7*l + 8 - p. Give o(0).
6
Let c(a) = -a + 4. Suppose -3*i = -5*i - 10. What is c(i)?
9
Suppose 36 - 11 = -5*h. Let b(y) be the third derivative of -6*y**2 + 0 + 0*y**3 + 1/60*y**5 + 1/6*y**4 + 0*y. What is b(h)?
5
Suppose -4*d = -4*k - 8*d + 68, -k + 3*d = -5. Suppose 3*n - 16*n = -26. Let q(g) = -k*g - 1 + n + 10*g. What is q(3)?
-11
Suppose 0 = -5*m + 3 - 8. Let w be ((-14)/(-8))/(m*4/16). Let p(h) = -3*h - 6. Determine p(w).
15
Let g = 15 + -13. Let a(f) be the third derivative of -f**4/24 + f**3/6 + 10*f**2. Calculate a(g).
-1
Let t(f) = -2*f + 2. Let q be (117/6)/((-9)/12). Let g = -21 - q. Suppose 5*y - 30 = -g*n, -2*y + 0*y - 12 = -4*n. Calculate t(n).
-6
Suppose -9*k + 4*k = 0. Let r(x) = x - 3*x - 7*x + k*x. Suppose 3 = 2*h + h. Give r(h).
-9
Let z(f) = 2*f - 4*f + 3*f - 4*f. Let d be z(-2). Let o(x) = -3*x**3 - x**3 - 2 - 6*x + 3*x**3 - d*x**2. Determine o(-5).
3
Let a be ((-14)/(-6))/((-9)/(-27)). Let n(o) be the second derivative of 7/6*o**3 - o**2 + 0 - 1/12*o**4 + a*o. Calculate n(5).
8
Let n(w) = -3*w - 26. Let i be n(-10). Suppose -5*s + s + 8 = 0. Suppose i*r - 2*r - 7 = 3*p, -r + 6 = -s*p. Let d(q) = q. What is d(p)?
-5
Suppose 111 = 7*v + 76. Let w(j) = j**3 - 7*j**2 + 1. Give w(v).
-49
Let t(w) = -4*w + 6. Let v(r) = -9*r + 10. Let f(b) = -5*t(b) + 2*v(b). Calculate f(8).
6
Let b(y) be the first derivative of -3*y**3 - y**2 - 5*y - 20. Let i(p) = 17*p**2 + 4*p + 9. Let v(g) = -7*b(g) - 4*i(g). What is v(-1)?
-4
Let l = 6 + -4. Let a be (-4)/12 + 42/(-9) + l. Let t(x) = x**2 + 4*x + 2. Give t(a).
-1
Let v = -1 + 3. Suppose 4*z - 3*q = 28, -v*q + 3*q = -z. Let m(d) = d - 1 - 7*d - d**2 + z*d + 2. Calculate m(-2).
1
Let w(h) = -10*h + 18. Let p(a) = 7*a - 12. Let f(u) = 7*p(u) + 5*w(u). Determine f(5).
1
Let s(l) = -91*l + 448. Let o be s(5). Let x(d) = -d**3 - 6*d**2 + 6*d - 1. Determine x(o).
6
Let s = 168 + -165. Let c(z) = -z**3 + 4*z - 3. What is c(s)?
-18
Let i(p) = 16*p**3 - 2*p - 1. Let z = -38 - -40. Let s be z/1*(-3)/6. What is i(s)?
-15
Suppose 52*h - 3 = 51*h. Let q(z) = z**3 - 3*z**2 + 5*z - 3. Give q(h).
12
Let j(b) = -1 + 2*b**3 + 4*b**3 - 5*b**3 - b - b**2. Let i be (36/10 + -4)*-5. Let m be -3 + (6 - 2)/i. What is j(m)?
-2
Let c(p) = -p - 3 + 7 - 4*p - 3. Let d be (-3 - -2)/1 + 0. Calculate c(d).
6
Let m be 2/7 - (-390)/105. Let n(f) be the second derivative of -1/12*f**4 + 11*f + 1/3*f**3 + 2*f**2 + 0. What is n(m)?
-4
Suppose 2*a - 6 = 2*m, -2*m + 0*m + a - 1 = 0. Let d(k) = -14*k - 12 + k - m - k. Let t(s) = 5*s + 5. Let o(x) = -4*d(x) - 11*t(x). Give o(-7).
-6
Let m(s) = 2*s**2 - 33*s - 4. Let w(y) = 3*y**2 - 49*y - 8. Let l(i) = -8*m(i) + 5*w(i). What is l(18)?
10
Let u = -12 + 13. Suppose 4*t + 4*c = -4, u - 8 = t + 4*c. Let d(w) = -t - w - 2 + 0 + 0. Calculate d(0).
-3
Suppose 1904 = -12*j + 1844. Let z(d) = -d**2 - 1 + 9*d + 2*d**2 - 4*d. Calculate z(j).
-1
Let s(u) = -u**3 - u**2 - u - 1. Let l(b) = b + 2. Let w be (-80)/20*2/(-4). Let j be l(w). Suppose 0 = 2*p - 2*x + 4, 2 + 2 = -j*p + 2*x. Calculate s(p).
-1
Let a(q) = -q**2 - 9*q + 9. Suppose 2*k - 86 = -4*v + 4*k, 0 = -v - 4*k - 1. Let j = -29 + v. What is a(j)?
-1
Let c be 1 + (-4 - (-4 - 8)). Suppose 0*m - c = -3*m. Let v(g) = 10*g + g**2 + 3 - 2 - 6*g - 2*g. What is v(m)?
16
Let g(p) = -2*p + 9. Let f(c) = -c**3 + c + 30. Let r be f(0). Let v be 1*21*10/r. Give g(v).
-5
Suppose 228 = -15*d - 4*d. Let n(g) = -2*g - 14. Calculate n(d).
10
Let d = 0 - -1. Let r(s) be the second derivative of -1/3*s**3 + 0*s**4 + 3/10*s**5 + 1/2*s**2 - 3*s + 1. Calculate r(d).
5
Let u = 159 - 156. Let l(n) be the third derivative of -n**5/30 + n**4/8 - n**3/2 - 2*n**2. Determine l(u).
-12
Let p(i) = i**3 + i**3 + 8*i - 7 + 2*i**2 - 11*i**2 - i**3. Suppose -9*r + 29 + 43 = 0. Calculate p(r).
-7
Let p(a) be the second derivative of -a**3/6 - a**2/2 + 100*a. Calculate p(4).
-5
Let r(s) be the first derivative of -11 + 7*s + 1/2*s**2. Calculate r(-7).
0
Let n = 7 + 2. Let t(m) = -m**3 + 1 + 6*m**2 + n + 6*m - 9. What is t(7)?
-6
Suppose -4*v = -h + 15 - 3, 0 = -2*h - 3*v - 31. Let f be ((-4)/h)/1*8. Suppose -f*l + l = 12. Let p(n) = -2*n**2 - 6*n - 3. What is p(l)?
-11
Let v(b) = b**2 + b - 1. Let a(f) = f**3 - f**2 - f + 1. Let n(x) = -x**3 + 4*x**2 - 3*x - 3. Let l be n(3). Let q(y) = l*a(y) - 2*v(y). Give q(1).
-2
Let a(c) = 0 + 2*c + 0 - 3*c + 2. Suppose -5*m + s + 80 + 82 = 0, -5*s = 4*m - 147. Let o = -29 + m. Calculate a(o).
-2
Let h(x) = -x**3 + 15*x**2 + 6. Suppose -78*f + 197 + 973 = 0. What is h(f)?
6
Let t be (90/(-9))/(2/(-4)). Suppose -i + 25 = 7*o - 2*o, 3*i - t = -4*o. Let n(c) = -7*c + 1 - 6 - c**3 + 6*c**2 + c. Determine n(o).
-10
Let i(q) = -3*q + 9. Let x be i(-9). Let b = -56 + x. Let m = -17 - b. Let p(y) = 2*y**2 - 3*y. Determine p(m).
9
Let v(y) = -6*y + 2 + 27*y - 8 - 5 - y**2 + 4*y. Determine v(24).
13
Let n(x) = -x**2 + 14*x + 37. Let u be n(16). Let c(b) = b. Determine c(u).
5
Suppose -4*o - 16 = 0, -s - 60 = 3*s + 4*o. Let z = 4 + s. Let d(t) = -7*t + 0*t**3 + 7*t**2 + 4 - t**3 - 15*t**2. What is d(z)?
4
Let u(z) = z**3 + 5*z**2 + z - 6. Suppose 4*s = r + 5, -s = -r + 4*s - 5. Give u(r).
-11
Suppose -111*t + 12 = -107*t. Let r(s) be the first derivative of 9*s - 7/2*s**2 - 4 - 1/3*s**t. What is r(-8)?
1
Let f(v) = -v**3 - 14*v**2 + v + 2. Let g(k) = -k**3 - 16*k**2 + 2*k + 3. Let i(p) = -6*f(p) + 5*g(p). Determine i(-4).
-13
Suppose -6*y + 2*y - 16 = 0. Let i(d) = -9*d**2 - 16*d**2 - 5*d + 24*d**2 + 4 - 2. Calculate i(y).
6
Suppose -2*k = 3*m + 22, -3*m - 7*k = -3*k + 26. Let o = m - -10. Suppose -o*y - y - 25 = 0. Let t(c) = 2*c + 7. Calculate t(y).
-3
Let w(k) = k**3 - 7*k**2 + 14. Suppose -11*j + 108 = 31. Determine w(j).
14
Let h(f) = f**3 + 2*f**2 + 3*f - 1. Let l(g) = -4*g**3 + 5*g**2 - 20*g + 16. Let y be l(1). Determine h(y).
-19
Let d(p) be the second derivative of -3*p - 1/60*p**5 + 0 - 1/4*p**4 - 1/2*p**3 - 5/2*p**2. Let u(x) be the first derivative of d(x). Give u(-2).
5
Let f(h) be the third derivative of -h**5/120 + h**4/24 - h**3 + 13*h**2. Let o(a) be the first derivative of f(a). Determine o(-3).
4
Let a(y) = -5*y - 1. Let d(c) = -1 + 0 + 11*c + 3. Let g(x) = -5*a(x) - 2*d(x). Let h be -1*2 - 6*(1 + -2). Calculate g(h).
13
Let f(o) be the third derivative of -o**5/60 + o**4/8 - 5*o**3/6 - o**2 + 33. What is f(4)?
-9
Let i(m) = m**2 + 4*m + 4. Let j(h) be the second derivative of h**4/6 + 3*h**3/2 + 9*h**2/2 - 33*h. Let f(y) = -7*i(y) + 3*j(y). What is f(3)?
-13
Let n = -5 - -12. Suppose n = -3*x - 2. Let v(h) = -h + 11*h + h**2 + 6*h - 7*h - 5*h. Calculate v(x).
-3
Let v(p) = 32*p - 62. Let d be v(2). Let m(b) be the third derivative of -b**6/60 + b**5/20 - b**3/3 - b**2. Give m(d).
-6
Let d(z) = -9*z**2 - 1 + 6*z**2 + 17*z**2 - 4*z + 3*z - 4*z**2. Give d(-1).
10
Let z be -4 - ((-16)/4 + -1). Let h be -4 - -1 - (2 + z). Let p(b) = -b**2 - 11*b + 2. Let q(g) = g**2 + 10*g - 3. Let f(l) = -5*p(l) - 6*q(l). Determine f(h).
2
Let m(b) be the first derivative of b**2 + 29*b + 630. Determine m(-11).
7
Suppose -f - 1 = -4*q + 3*q, -5*q + 3 = -4*f. Let j(d) = 12*d + 2. Determine j(f).
-22
Let f(a) be the third derivative of a**6/120 + a**5/60 + a**4/24 + a**2. Let r = -51 + 57. Let u be -4 - 3*(-4)/r. Calculate f(u).
-6
Let w(j) = -j + 8. Suppose 70*o = -180 + 810. What is w(o)?
-1
Let x be (-4)/((-64)/81804) - 1/(-4). Let m(c) = c**2 - 2*c**2 + 2*c - x + 5118. What is m(4)?
-3
Let u(j) = 5*j - 14. Let c be u(6). Suppose -c = -5*y + 4. Let m(o) = o**3 - 2*o**3 + y - 3 + 4*o**2 - 5. Determine m(3).
5
Suppose -7*i - 97 = -83. Let x(s) = 0 + 3*s - 1 - s. What is x(i)?
-5
Let u(r) = 28*r - 432. Let d(y) = 18*y - 270. Let o(h) = -8*d(h) + 5*u(h). Let k = -1 - 0. What is o(k)?
4
Let m(s) = s + 5. Let h(a) = 4*a + 33. Let f(t) = -h(t) + 5*m(t). What is f(6)?
-2
Let m(i) = 4*i**3 + i**2 - i. Let b(a) = 2*a + 23. Suppose 0 = -l + 2*o + 4 - 6, 0 = -l + 3*o + 3. Let q be b(l). Let h be (3/(-12))/(q/4). Calculate m(h).
4
Let b(a) = a**2 - 6. Let k(y) = -3*y**2 - 16*y - 6. Let h be k(-6). Let u = h + 18. What is b(u)?
-6
Let s be (-2)/(-9) + 22/54*24. Let g(h) = -h**3 + 9*h**2 + 12*h - 11. What is g(s)?
9
Let o be (5/2 - 0)*2. Suppose -o*d + 8 = -7. Let c(a) = -12*a + 13. Let g(z) = -7*z + 7. Let q(l) = 6*c(l) - 11*g(l). Give q(d).
16